*w. Is d a composite number?
True
Suppose -2*s = -2*u + 2372, -3*s = -12 + 3. Suppose 4*g - 5*o = u, -5*g = -7*o + 5*o - 1465. Is g a composite number?
True
Let u(w) = -w**3 + 7*w**2 - 4*w + 9. Suppose -4*q - 6 = -5*t - 30, 2*t - 18 = -3*q. Is u(q) prime?
False
Let j(d) = d + 4. Let l(z) = 2565*z - 49. Let f(m) = 5*j(m) + l(m). Is f(2) a composite number?
True
Suppose 3*w - 1 + 6 = -5*q, 5*w - 3 = 3*q. Suppose -14 = -2*f - w*j + j, -f - 3*j = -7. Suppose 3807 - 398 = f*k. Is k prime?
True
Let g = -17194 - -986311. Let s be g/33 - 4/22. Suppose -s + 8837 = -10*u. Is u a prime number?
True
Let j be (6 - 0)/(-4*(-6)/(-15252)). Let r = 5714 + j. Is r prime?
True
Let m(s) = -13*s + 10. Let q be m(-32). Suppose -4*r = t - 3019, t - 3430 + q = -r. Is t composite?
False
Suppose -5*l + 83 = -3*w, w = -0*w + 5*l - 21. Let i = 87 + w. Suppose i*u = 59*u - 2859. Is u prime?
True
Suppose -42*j - 206271 = -562389. Suppose r = 5*q - 22220, -417 = -2*q + 2*r + j. Is q a composite number?
True
Let k = 5953 - 2219. Is k prime?
False
Suppose 0 = 5*u - 223 - 17. Suppose 6*l = 10*l + u. Is (-44)/l + -4 - 1580/(-6) a prime number?
True
Let b = 161619 + -67102. Is b a prime number?
False
Let q = -42656 + 73917. Is q a composite number?
True
Let n(i) = 104*i + 21. Let a be (18/3 - -1) + 2 + -3. Let s = a - 1. Is n(s) prime?
True
Let m be (-6783)/(-2) + (-3)/6. Let c = m - 6329. Let t = c + 4299. Is t a prime number?
True
Let z(b) = 3153*b**2 - 4*b - 2. Let h be (-55)/(-15) - -1 - 4/6. Suppose 24 = -h*i - 5*j, -2*j - 1 = 5*i - 3*j. Is z(i) a composite number?
True
Let r(t) = 127*t**3 + 3*t**2 - 7*t + 7. Let l = -365 + 371. Is r(l) a prime number?
False
Let h = -5228 - -15787. Is h prime?
True
Let a(l) = 388*l**3 - 8*l**2 + 22*l - 53. Is a(3) composite?
True
Suppose -58*m + 55*m - 6318 = 0. Let y = m + 6857. Is y a prime number?
True
Let c(u) = 8861*u - 1738. Is c(7) composite?
False
Suppose -311*r = -308*r - 12. Suppose r*c = -0*c, 5*c = -n + 14. Is n a prime number?
False
Suppose -h - 3*l + 9 = 3*h, -5*l = 25. Suppose h*k - 868 = 2450. Is k prime?
False
Let h = 511 - 284. Let t = h - 135. Let c = t - -1307. Is c a prime number?
True
Let j(p) = 7720*p - 5841. Is j(59) composite?
True
Suppose -27092 = -2*z - 5*j, -j = -3*z + 23520 + 17169. Is z a prime number?
False
Let w = 1012771 - 332258. Is w a prime number?
False
Suppose 0 = -5*g - 15, r - 90*g - 31124 = -89*g. Is r a prime number?
True
Let m be ((-24)/(-15))/((-12)/(-20))*3. Suppose 4*s - 84 - m = 0. Suppose -r = -s - 248. Is r composite?
False
Suppose 11*f - 8455 = -1602. Suppose -279 = -z + 3*x, 849 = 4*z - z - 5*x. Let k = f - z. Is k composite?
True
Suppose -n + 4*h = -11, -2 = -23*n + 25*n + 4*h. Suppose -2*s - 2*j + 4*j + 262 = 0, n*s - 389 = 2*j. Is s a prime number?
True
Let x = 2529 + -314. Suppose -b + 5*i + x = 2*i, 6615 = 3*b + i. Is b composite?
True
Suppose -8*h = 64632 - 154168. Is (-2)/((-4)/h*4) prime?
True
Let q = -10960 + 25751. Is q a prime number?
False
Suppose -36*i = -32*i + 16. Let n(p) = -1355*p + 17. Let x(w) = -678*w + 9. Let d(b) = i*n(b) + 7*x(b). Is d(6) a composite number?
True
Let l be (1/(-3))/((-2)/18*1). Suppose l*h - h - 16 = 4*a, 2*a = 3*h - 12. Suppose -2*q = b - 135, -h*q = q - 3*b - 198. Is q composite?
False
Let n(a) be the third derivative of -a**4/8 + 4*a**3 + 9*a**2. Let l be n(7). Suppose 5*i - 1270 = l*i. Is i composite?
True
Let d = 13 - -5. Let p = d + -16. Suppose -4*w + 692 = -p*w. Is w a composite number?
True
Suppose -24 = 25*m - 29*m. Is ((-49602)/63)/((-4)/m) composite?
False
Let z be (-19)/(-19) + (5 - 1). Suppose 921 = -2*s + z*s. Is s composite?
False
Suppose -5*z + 2*y = -6*z + 1, -5*z + 14 = y. Let b = z - -5950. Is b prime?
True
Let s(l) = l**3 - 22*l**2 - 26*l + 74. Let c be s(23). Suppose 6*j = c*j + 4*x + 3579, 3*x = 2*j - 7148. Is j prime?
True
Suppose 0 = -5*d + 3*c - 15, -1 = -d - c + 4. Let a be d + 1035 + (5 - (-8)/(-1)). Suppose -z + 14 = -4*u - 229, 4*u + a = 4*z. Is z a composite number?
False
Suppose -v + 3*b = -20, 0*v + 36 = 2*v - 5*b. Let s(g) = 10 + v*g**2 + 7 - 3*g - 18. Is s(11) composite?
True
Let k(g) = 45*g - 13*g - 727*g - 67 - 67*g. Is k(-18) prime?
True
Let t(z) be the third derivative of 77*z**5/20 + z**4/24 - z**3/6 - 6*z**2 + 9. Is t(3) a composite number?
False
Let x = 376539 + -253143. Suppose 0 = -56*n + x + 1339268. Is n composite?
False
Let k = -944 + 947. Suppose -29310 = -w - 4*w. Suppose 3*g = k*i - w, i = 3*g + 861 + 1103. Is i a prime number?
True
Suppose 3*u - 843616 = -4*w, u + 839705 = 3*w + 207006. Is w a prime number?
True
Let f = 264 - 248. Let s(k) = 235*k + 1. Is s(f) prime?
True
Suppose -9*s + 4594 = -3290. Suppose 4*t - s = 3112. Is t prime?
True
Let x(q) = -q**2 + q - 2. Let m(d) = 44*d**2 + 6*d - 7. Let p(f) = m(f) + 2*x(f). Is p(10) prime?
False
Suppose 11330048 - 150774128 = -569*p - 5206169. Is p a prime number?
True
Let f be (-11)/(-33) - (-25)/(-3). Let g = -5 - f. Suppose -2*s - 3*j = -5302, g*j + 16 = -j. Is s composite?
False
Let h(m) = -m**3 + 6*m**2 - 17*m + 25. Let f be h(4). Is f + 13 + 7233 + 2 a composite number?
False
Is 4/(-13) - 2/(676/(-61979502)) a prime number?
False
Let l = 195 - 187. Suppose 0 = 2*d - a - 48677, -4*d + l*d = -2*a + 97342. Is d a composite number?
False
Suppose -5*i + 0*i - 44870 = 0. Let x = i - -12933. Is x a prime number?
False
Suppose 13*d = 18*d + 3*w - 37129, 5*d + w - 37133 = 0. Is d composite?
True
Let f = -173321 + 257368. Is f a prime number?
True
Let w(r) = -r**2 - r - 1. Let n(t) = -t**2 - 6*t - 3. Let k(j) = n(j) - 3*w(j). Let l(o) = o**2 + 7*o - 7. Let f be l(-6). Is k(f) composite?
True
Is 127*310102/(15 + 11) prime?
False
Let z be 0 + ((-2)/(-1))/1. Suppose -4*f = z*v - 6, 0*f = -f + 5*v - 15. Suppose -3*h + 45 + 102 = f. Is h a prime number?
False
Let b be 3/3*(-1)/((-4)/12). Is ((-60074)/21 + (-1)/b)*-11 a prime number?
False
Is (0 + -2)*-3 + 4540759477/3251 a prime number?
False
Is 894190/275 + -3*(-2)/(-10) a composite number?
False
Is 309334/(-2)*53/(-53) a prime number?
True
Suppose 0 = 106*h - 42*h - 28257088. Is h a composite number?
False
Let b = 147377 - -111722. Is b a prime number?
True
Suppose -2146460 = -6782*i + 6762*i. Is i composite?
False
Suppose -73*w = -70*w + 181062. Let h = -30266 - w. Is (-1 - -3)*h/16 a composite number?
False
Let w be 8/(-6)*(-3)/1. Let q = -2557 + 3260. Suppose 1639 = 2*g + w*d + 253, 4*d - q = -g. Is g a prime number?
True
Let h = 3279 + -1966. Let p = h - -97. Suppose -p = -5*w - w. Is w a prime number?
False
Let j = -6406 + 4412. Let t = j - -3141. Is t composite?
True
Let y(z) = 9*z**3 - 8*z + 7. Let r be y(1). Suppose 5455 + 8601 = r*k. Is k composite?
True
Suppose -117 = 2*j + j. Let s = -39 - j. Suppose s = -4*q + 8*q + 4*o - 392, 2*q - 191 = -o. Is q prime?
False
Suppose 4*v - 5*d - 15859199 = 0, 3*v - 12906437 + 1012039 = 5*d. Is v a composite number?
False
Let j(k) = -5*k - 15. Let h be j(-3). Suppose h = y + 4*d - 739, -7*d + 2*d = -4*y + 3019. Is (-10 - -6) + 2 + (y - -2) composite?
False
Let l(i) = -i**3 + 7*i**2 + 2*i - 12. Let o be l(7). Suppose 28 = 2*k + c + 3*c, -o*c = -5*k + 10. Suppose -3462 = -2*f - k*v, -v - 2 = 3. Is f a prime number?
True
Let o be (-4)/((140/(-15))/7). Suppose o*t - 6*t + 1347 = 0. Let n = -38 + t. Is n a prime number?
False
Let c be (1031 - 0 - -1) + 0/1. Suppose -i = 5*n - 5132, 2*n + 3*i = n + c. Let x = n - 557. Is x prime?
False
Suppose 0 = -4*t + 5*k + 2906, 5*t + 2*k - 1118 = 2465. Is t prime?
True
Is (-55)/(-15) + ((-6256740)/(-9))/7 composite?
False
Let l(m) = -5*m**2 - 49*m + 1. Let v be l(-7). Is (-75966)/v*6/(-4) a composite number?
False
Suppose 3*j + 1464 = 3*k, 2*k + j - 458 = 527. Let u = k + 1556. Is u composite?
True
Let z(n) be the third derivative of 133*n**4/12 + 8*n**3 - 58*n**2. Is z(13) composite?
True
Let g(u) = 35*u**2 + 62*u + 814. Let z(d) = -7*d**2 - 12*d - 163. Let a(j) = -2*g(j) - 11*z(j). Is a(-12) prime?
False
Let i be ((-22)/3 - -6)*9/(-6). Suppose 3*f + 10627 = 2*b - 2497, 0 = i*b + f - 13116. Is b prime?
False
Suppose -5*z = -5*o - 3313745, -759*z = -754*z - 4*o - 3313739. Is z a prime number?
True
Is (48/(-96))/((-4)/2752312) prime?
True
Suppose -3*q - 35453 = -y, 61*y - 59*y - 70928 = -5*q. Is y a prime number?
False
Suppose -4*